ple of 20?
False
Is 3 a factor of 93?
True
Does 11 divide 1815?
True
Does 40 divide 2360?
True
Is 10 a factor of 4538?
False
Is 12 a factor of 382?
False
Is 5023 a multiple of 9?
False
Is 2512 a multiple of 16?
True
Is 18142 a multiple of 33?
False
Is 24 a factor of 141?
False
Does 2 divide 397?
False
Is 36824 a multiple of 71?
False
Is 8 a factor of 288?
True
Is 50 a factor of 16008?
False
Is 13805 a multiple of 30?
False
Is 45 a factor of 1570?
False
Does 24 divide 15624?
True
Is 263 a factor of 91059?
False
Is 9 a factor of 12257?
False
Does 8 divide 764?
False
Does 17 divide 2465?
True
Is 8 a factor of 79344?
True
Is 1602 a multiple of 18?
True
Does 100 divide 2272?
False
Is 186 a factor of 10130?
False
Is 15 a factor of 1395?
True
Does 45 divide 489?
False
Is 20 a multiple of 5?
True
Is 204 a factor of 15291?
False
Is 160 a factor of 14788?
False
Does 11 divide 15997?
False
Is 26 a factor of 245?
False
Is 5 a factor of 360?
True
Is 874 a multiple of 38?
True
Is 887 a multiple of 13?
False
Is 25 a factor of 475?
True
Is 12 a factor of 468?
True
Is 25 a factor of 1867?
False
Is 5 a factor of 1009?
False
Is 19189 a multiple of 16?
False
Is 717 a multiple of 21?
False
Is 4 a factor of 5066?
False
Is 515 a multiple of 16?
False
Is 5863 a multiple of 8?
False
Is 785 a multiple of 15?
False
Does 53 divide 55479?
False
Is 3424 a multiple of 8?
True
Does 67 divide 42143?
True
Is 11 a factor of 3058?
True
Is 178 a multiple of 7?
False
Is 28 a factor of 35613?
False
Is 10 a factor of 1422?
False
Is 167 a multiple of 24?
False
Does 9 divide 8505?
True
Is 371 a multiple of 26?
False
Is 6 a factor of 12037?
False
Is 27173 a multiple of 41?
False
Does 27 divide 15255?
True
Is 97 a factor of 6014?
True
Is 89 a factor of 13823?
False
Is 194 a multiple of 36?
False
Is 4807 a multiple of 5?
False
Is 35 a factor of 4556?
False
Is 22 a factor of 11067?
False
Is 21 a factor of 2534?
False
Does 8 divide 24544?
True
Is 240 a multiple of 8?
True
Does 9 divide 2466?
True
Is 500 a multiple of 25?
True
Is 29 a factor of 6226?
False
Is 329 a factor of 72758?
False
Is 118569 a multiple of 511?
False
Does 19 divide 330?
False
Is 11865 a multiple of 7?
True
Does 126 divide 18396?
True
Is 13275 a multiple of 22?
False
Does 18 divide 882?
True
Is 2604 a multiple of 124?
True
Is 4218 a multiple of 19?
True
Is 69 a factor of 11454?
True
Is 185 a multiple of 6?
False
Is 6232 a multiple of 41?
True
Does 85 divide 85?
True
Is 28 a factor of 6244?
True
Does 37 divide 2960?
True
Is 483 a multiple of 25?
False
Is 156 a multiple of 60?
False
Does 44 divide 9905?
False
Does 20 divide 1380?
True
Is 3 a factor of 169?
False
Is 36 a factor of 891?
False
Is 6305 a multiple of 36?
False
Does 80 divide 85120?
True
Is 45 a multiple of 3?
True
Is 62 a factor of 43152?
True
Is 21 a factor of 1402?
False
Is 16 a factor of 9022?
False
Does 5 divide 134?
False
Does 12 divide 16704?
True
Does 24 divide 159?
False
Is 1836 a multiple of 34?
True
Is 12590 a multiple of 41?
False
Does 28 divide 584?
False
Does 106 divide 2536?
False
Is 3563 a multiple of 23?
False
Is 7 a factor of 3004?
False
Is 42112 a multiple of 261?
False
Is 5902 a multiple of 119?
False
Does 10 divide 754?
False
Is 17800 a multiple of 20?
True
Is 34 a factor of 5474?
True
Is 113 a factor of 18871?
True
Is 30 a factor of 26645?
False
Is 120 a multiple of 10?
True
Does 41 divide 14139?
False
Is 4379 a multiple of 23?
False
Does 10 divide 4898?
False
Is 775 a multiple of 2?
False
Does 31 divide 62?
True
Does 24 divide 22320?
True
Is 215 a multiple of 43?
True
Is 213 a multiple of 46?
False
Does 12 divide 16107?
False
Is 47215 a multiple of 355?
True
Is 67 a factor of 536?
True
Is 14 a factor of 91?
False
Is 97 a factor of 1940?
True
Does 51 divide 4233?
True
Does 2 divide 453?
False
Is 567 a multiple of 27?
True
Does 58 divide 1017?
False
Is 6 a factor of 4548?
True
Does 6 divide 672?
True
Is 690 a multiple of 21?
False
Does 51 divide 193?
False
Is 484 a multiple of 44?
True
Is 12 a factor of 12707?
False
Is 51 a factor of 561?
True
Is 85364 a multiple of 18?
False
Is 2703 a multiple of 53?
True
Is 170 a factor of 22253?
False
Is 12 a factor of 9984?
True
Is 3380 a multiple of 33?
False
Does 18 divide 378?
True
Is 78 a multiple of 15?
False
Does 3 divide 1755?
True
Is 28 a factor of 336?
True
Is 18 even?
True
Is 595 a multiple of 7?
True
Is 9 a factor of 658?
False
Is 26 a factor of 2286?
False
Does 147 divide 4998?
True
Is 6178 a multiple of 59?
False
Is 65 a factor of 390?
True
Is 520 a multiple of 33?
False
Does 29 divide 13629?
False
Is 91 a factor of 6096?
False
Is 3337 a multiple of 14?
False
Is 68 a factor of 68?
True
Does 4 divide 2216?
True
Is 145 a factor of 3335?
True
Does 29 divide 32567?
True
Is 995 a multiple of 22?
False
Does 17 divide 6902?
True
Does 4 divide 1041?
False
Is 168 a multiple of 28?
True
Is 21 a factor of 1155?
True
Is 46 a factor of 920?
True
Is 116 a factor of 6264?
True
Does 5 divide 1058?
False
Is 9 a factor of 747?
True
Is 18 a factor of 286?
False
Does 73 divide 17262?
False
Is 132 a multiple of 12?
True
Is 684 a multiple of 7?
False
Does 14 divide 504?
True
Is 1079 a multiple of 92?
False
Is 54264 a multiple of 21?
True
Is 2121 a multiple of 54?
False
Does 7 divide 7?
True
Is 1305 a multiple of 73?
False
Does 125 divide 1308?
False
Is 12168 a multiple of 156?
True
Is 11 a factor of 517?
True
Is 40 a multiple of 2?
True
Is 1376 a multiple of 7?
False
Is 69 a factor of 7866?
True
Is 500 a multiple of 3?
False
Is 27 a factor of 1064?
False
Does 5 divide 272?
False
Is 54 a factor of 8137?
False
Is 2646 a multiple of 18?
True
Is 407 a multiple of 11?
True
Is 27 a factor of 21006?
True
Is 971 a multiple of 7?
False
Is 88 a factor of 440?
True
Is 120 a factor of 34516?
False
Is 635 a multiple of 3?
False
Is 11 a factor of 32600?
False
Is 782 a multiple of 7?
False
Does 5 divide 577?
False
Does 44 divide 20900?
True
Is 384 a multiple of 12?
True
Is 15 a factor of 1636?
False
Is 38 a factor of 65993?
False
Does 3 divide 101?
False
Is 2380 a multiple of 35?
True
Is 18 a factor of 11286?
True
Is 43 a factor of 1012?
False
Is 10 a factor of 1378?
False
Is 26388 a multiple of 36?
True
Is 23 a factor of 529?
True
Is 3164 a multiple of 28?
True
Is 5545 a multiple of 69?
False
Is 33541 a multiple of 17?
True
Does 6 divide 1528?
False
Is 33 a factor of 231?
True
Is 13 a factor of 9612?
False
Is 1009 a multiple of 5?
False
Is 60 a factor of 6358?
False
Does 221 divide 44481?
False
Is 567 a multiple of 13?
False
Is 8288 a multiple of 14?
True
Does 8 divide 171?
False
Does 168 divide 15195?
False
Does 22 divide 3729?
False
Is 9 a factor of 100?
False
Is 30 a factor of 1950?
True
Does 223 divide 10682?
False
Is 7 a factor of 511?
True
Is 737 even?
False
Is 77895 a multiple of 132?
False
Does 7 divide 379?
False
Is 29700 a multiple of 36?
True
Is 22 a factor of 7801?
False
Is 1157 a multiple of 17?
False
Is 9 a factor of 44280?
True
Is 166 a factor of 14179?
False
Is 12 a factor of 1356?
True
Does 184 divide 35365?
False
Does 138 divide 4416?
True
Does 3 divide 330?
True
Does 38 divide 570?
True
Is 1159 a multiple of 19?
True
Is 9641 a multiple of 110?
False
Does 28 divide 27692?
True
Does 38 divide 29874?
False
Is 3 a factor of 31?
False
Is 42 a factor of 672?
True
Is 3 a factor of 432?
True
Is 22 a factor of 1232?
True
Does 8 divide 9872?
True
Is 264 a multiple of 44?
True
Does 58 divide 1102?
True
Is 8 a factor of 4360?
True
Is 244 a multiple of 65?
False
Does 23 divide 283?
False
Does 241 divide 13212?
False
Does 10 divide 2294?
False
Is 5220 a multiple of 10?
True
Is 8 a factor of 451?
False
Is 47 a factor of 86339?
True
Is 493 a multiple of 17?
True
Is 19 a factor of 11453?
False
Is 208 a factor of 46592?
True
Is 882 a multiple of 9?
True
Is 2109 a multiple of 19?
True
Does 11 divide 594?
True
Is 994 a multiple of 71?
True
Does 2 divide 433?
False
Is 33308 a multiple of 11?
True
Is 21906 a multiple of 231?
False
Is 3040 a multiple of 38?
True
Is 57 even?
False
Is 1868 a multiple of 27?
False
Is 2929 a multiple of 93?
False
Does 8 divide 220?
False
Is 1502 a multiple of 128?
False
Is 2718 a multiple of 112?
False
Is 415 a factor of 89870?
False
Does 3 divide 247?
False
Does 4 divide 756?
True
Is 12 a facto